- 1 - (4 + 0 + -6). What is i(n)?
13
Let y(m) be the second derivative of 0*m**3 + 1/20*m**5 - 1/4*m**4 + 0*m**2 + 3*m + 1/240*m**6 + 0. Let k(i) be the third derivative of y(i). Calculate k(-4).
-6
Let x(k) = -k**2 + 3*k + 1. Let g be x(3). Let u(y) = -y**3 - y**2 + y + 2. Let h be u(0). Let z(t) = -3*t - 2*t + 4*t + t**h + 3*t - 1. Calculate z(g).
2
Let a(s) = -10*s. Let c = 60 - 58. What is a(c)?
-20
Let h(g) = 2*g - 3. Let r be 2 + 1 + -8 - -3. Let a(i) = -i + 4. Let n(u) = r*a(u) - 3*h(u). Determine n(2).
-7
Let t(n) = -n**3 + 3*n**2 - 2*n + 1. Let m be 78/2 - (-2 - -4). Suppose -4*p + 4 = s, 5*p - m = 4*s - 11. What is t(p)?
1
Let o = -3 - -6. Let b(z) = 4*z**3 + 7*z**2 - 10*z - 1. Let r(k) = -7*k**3 - 13*k**2 + 19*k + 2. Let d(l) = o*r(l) + 5*b(l). Calculate d(-5).
-9
Let b(x) = -x**3 - 11*x**2 - 2*x - 1. Let c be b(-11). Let q(y) = -c + 31 - 15 + 2*y. Determine q(4).
3
Let n be ((-2)/(-9))/((-85)/15 + 7). Let s(h) be the second derivative of -1/20*h**5 + 1/2*h**2 + 0 + 3*h - n*h**4 - 1/3*h**3. Give s(-2).
5
Let z = 7 - 2. Let h(a) = -a + 2. Calculate h(z).
-3
Let d(o) = o - 4. Suppose -2 - 3 = -j. Let s be d(j). Let v(p) = 0*p - s + 3 - p. Calculate v(1).
1
Let k(i) = i. Let d = -7 + 8. Let y be 2/(-2)*(d - 3). Suppose -4*q - y = -2*q. Determine k(q).
-1
Let t(g) = 6*g**2 - 4*g**2 - g + 3*g - 2. Let n be t(-3). Let a(u) = u**2 - n - 6*u + 10. Determine a(5).
-5
Let i(x) be the third derivative of x**5/15 - x**3 - 2*x**2. Let o(j) = -3*j**2 - 6*j + 6*j + 7. Let h(l) = -6*i(l) - 5*o(l). What is h(1)?
-8
Let v(g) = -g**3 - g**2 - g + 1. Let p(a) = -7*a**3 - 10*a**2 + 2*a + 13. Let m(s) = p(s) - 6*v(s). What is m(-5)?
-8
Let j(z) = z**2 + 1. Let r(a) = -2*a + a**3 + 6*a - 5 + 2 - 3*a**2. Let c be r(2). Let m(h) = 4*h**2 - h + 7. Let f(u) = c*m(u) - 5*j(u). Give f(-2).
0
Let j be ((-4)/(-3))/((-3)/9). Let v be j*2 - -2 - -1. Let o(a) = -a**3 - 6*a**2 - 5*a - 2. Give o(v).
-2
Let z(t) = -t - 3. Let l be z(-10). Let v = l - 12. Let s be 6/(-15) + (-22)/v. Let x(y) = -3*y + 5. Give x(s).
-7
Let x(c) = -c + 11. Let q be x(8). Suppose m + 1 = h + q, 3 = h. Let n(g) = 2*g - 7. What is n(m)?
3
Let v be (-68)/12 + (-2)/6. Let r(h) be the third derivative of -h**5/60 - 5*h**4/24 - 4*h**2. Calculate r(v).
-6
Let p(n) = -5*n**3 - 2*n**2 + 3*n + 3. Let s(o) = o**2 - o - 1. Let f(b) = p(b) + 3*s(b). Give f(1).
-4
Let m(a) = -a**2 - 3*a + 5. Let u(g) = 17*g + 7. Let l(o) = 6*o + 2. Let d(f) = -11*l(f) + 4*u(f). Let t be d(-7). Let z = t - -4. What is m(z)?
1
Let a(d) = d - 1. Let y be a(2). Let l(b) = -1 - b - y + 2. Give l(-3).
3
Let i be ((-11)/(-11))/(2/8). Let v(c) = -2*c + 5. What is v(i)?
-3
Let m(v) = v**2 - 6*v - 8. Let n be m(7). Let y(r) = 8*r**3 - r**2. Calculate y(n).
-9
Let y be 6/1 - (3 + -3). Let s = y + -9. Let z(p) = -2*p**2 + 2*p - 3. Let f(j) = j**2 - j + 1. Let d(x) = -7*f(x) - 3*z(x). Determine d(s).
-10
Let b(u) = -3 + 3*u**2 - 7*u**2 - 4 - u**3 + 3*u. Suppose -z + 7 = 3*r, r = -z - 0*z - 1. Give b(z).
3
Let g(o) = 3*o**3 + o**2 - 2. Let j(t) = 3*t**3 + t**2 - 3. Let m(z) = 3*g(z) - 2*j(z). Calculate m(1).
4
Let o(s) = -s + 3. Let h = 3 - 2. Let c(a) be the third derivative of a**3/6 + a**2. Let d(i) = h*o(i) - 3*c(i). Calculate d(-4).
4
Let x(s) = -s - 2*s + s - 5 + 3*s + s**2. Let a = -4 + 0. Let n = a - 0. Give x(n).
7
Let b(x) = -7*x**2 - 14*x + 9. Let d(s) = -3*s**2 - 7*s + 4. Let w(t) = 4*b(t) - 9*d(t). What is w(6)?
6
Let u = -31 - -28. Let z(m) = -4*m - 2. Determine z(u).
10
Let d(m) = 6*m**3 - 2*m**2 - 2*m - 1. Let c(q) be the second derivative of -3*q**3/2 + 3*q. Let a be c(-1). Let h = -10 + a. What is d(h)?
-7
Let a(n) = n**2. Let d(z) = 4*z**2 - z + 4. Let q(b) = 3*a(b) - d(b). Suppose 0*c = c. What is q(c)?
-4
Let j(n) = n**3 + 5*n**2 - 2*n - 7. Let a be (-3 + 4)*15/(-3). What is j(a)?
3
Suppose -a + 3*u = 0, -3*a - 6 = u + 14. Let d(n) = -n. Let g(v) = -11*v - 3. Let l(h) = a*d(h) + g(h). Calculate l(-2).
7
Let w(z) = -2*z**2. Let y be w(-1). Let b(v) = -4*v**2 - 3*v + 5. Let k(u) = 11*u**2 + 8*u - 14. Let s(o) = -8*b(o) - 3*k(o). Determine s(y).
-2
Let x(a) be the first derivative of a**4/4 + 2*a**3/3 - a**2/2 - a + 2. Let b be x(-2). Let k(s) = 4 + 3*s**2 + 1 - b + s**3. Calculate k(-3).
4
Let v(i) = 4*i**2 + 7*i - 2. Let n(z) = z**2 + 2*z + 1. Let m(y) = 3*n(y) - v(y). Suppose -3*s + 2*s + 4 = 0. Determine m(s).
-15
Let v(x) = 2*x**2 + 21*x - 12. Let p(b) = -4 + b**2 + 4*b + 0*b + 3*b. Let h(s) = 8*p(s) - 3*v(s). Give h(4).
8
Let i(d) = d - 12. Let q = 3 - -4. What is i(q)?
-5
Let l(s) = s**3 - 5*s**2 + 4*s - 1. Suppose -2*v = -0*v + 42. Let r be -1 + 7/(v/(-12)). Calculate l(r).
-7
Let f(z) = -11*z - 1. Let w = -3 - -4. What is f(w)?
-12
Suppose -17 = -2*p + 5*r, -11 = 4*p + 5*r - 0*r. Let n be p*1/1 + 1. Let x(i) = 0*i**2 + 5*i**2 - i**n. Give x(1).
4
Let o = 16 - 10. Let z(v) = 1 - 2*v - 2 + v**3 - 2*v - 5*v**2 - 3*v. Determine z(o).
-7
Let j(n) = n**3 + n**2 + n - 1. Suppose -g = g. Let h = 3 + g. Suppose 1 = -3*i + 2*l - 3, h*i = -4*l + 8. What is j(i)?
-1
Let h(m) = 3*m + 1. Let j(s) = 10*s + 4. Suppose 0 = 2*f + 4*q - 30, 4*f = 2*q + 2*q + 48. Let l = 29 - f. Let o(z) = l*h(z) - 5*j(z). Determine o(-4).
4
Let n be (-9)/15 - (-171)/(-15). Let d = n + 13. Let s(c) = 5*c**3 + 2*c**2 - c. What is s(d)?
6
Let s(p) = 2*p - 2. Let t be 0/1 - (-2 - -6). What is s(t)?
-10
Suppose -3*p = -4*s + 13, 2*s + p = -2*s + 17. Let h(c) = s - 2 - 10*c - 1. Determine h(1).
-9
Let b be ((-3)/(-2))/(9/6). Let k(h) = -4*h + 1. Let z be k(b). Let a(i) = i**2 + 2*i - 3. What is a(z)?
0
Let t(r) = -r**3 + 3*r**2 + 4*r - 6. Let o be t(3). Let x(g) = -g - 7. What is x(o)?
-13
Suppose 3*m - m = -10. Let h(n) = -n**2 - 7*n - 2. Determine h(m).
8
Let n = 1 - -2. Suppose 0*u = -2*j - u + 11, 0 = -2*j + n*u + 15. Let r(q) = -q**3 + 6*q**2 - q + 1. Determine r(j).
-5
Let m(n) = n**2 - 6*n + 1. Let u be m(6). Let h be (u - -5)*7/14. Let i(l) = -2*l - 5. Let g(v) = -v - 3. Let w(f) = 5*g(f) - 3*i(f). What is w(h)?
3
Let p(x) = x**3 - x**2 + 1. Suppose 3*k - 11 = k + 5*q, 5 = -5*q. Determine p(k).
19
Let z(v) = v**2 + 8*v - 6. Let w be z(-9). Let k(y) = y**3 + 2*y**2 - 6*y + 3. Let l(o) = 2*o**3 + o**2 - 7*o + 4. Let r(x) = 3*k(x) - 2*l(x). Calculate r(w).
-2
Let q(f) = -4*f - 3. Suppose -11 = 2*g - 3*g. Suppose -b - g = -2*d, -2*d - 13 = 5*b - 6. Calculate q(b).
9
Let y be ((-3)/(-2))/(9/6). Let s(d) = -11*d**3 - d**2 + 1. Give s(y).
-11
Let d(q) = -5*q - 3. Let g be (10/25)/(2/(-10)). Determine d(g).
7
Suppose 5 = -3*k + 23. Let p(j) = j**3 - j**2 + j. Let b(f) = 3*f**3 - 9*f**2 + 6*f + 5. Let o(r) = b(r) - 2*p(r). What is o(k)?
-7
Suppose 8*g - 9 = 3*g + z, g + 4*z + 15 = 0. Let h(m) = -17*m + 1. Give h(g).
-16
Suppose -4*v - 5*f - 21 = -2*v, v = 3*f + 17. Suppose -4*k = -v*d + 16, 10 = 2*d + 3*d. Let b(r) = -r**3 - 3*r**2 - r - 2. Calculate b(k).
1
Let f(c) be the first derivative of -2*c**3/3 + 2*c**2 - 3*c - 11. Let i(a) = -a**3 + 4*a**2 + 4*a + 5. Let g be i(5). Suppose g = d - 4 + 2. Give f(d).
-3
Let g(u) be the first derivative of -3*u**2 + 4. Determine g(1).
-6
Suppose 4*c + 3*b - 1 = 5*c, 2*c + b + 16 = 0. Let t(y) = y**2 + 9*y + 2. Determine t(c).
-12
Suppose 2*t = -4*m + 22, -3*m + 6*m + 4*t - 29 = 0. Let w be m*(-1)/(-3)*5. Let g = -8 + w. Let n(f) = -f**3 - f**2 + 3*f - 4. Give n(g).
5
Let q = 88 - 85. Let a(c) = c**2 - 2*c + 3. Calculate a(q).
6
Let g(s) = s**2 + 2*s - 1. Let x(w) = w**3 - 2*w**2 - w - 2. Let a be x(2). Let m be a/(-6) - (-3)/9. Let c be -5 + (m - (0 + 0)). Give g(c).
7
Suppose -6 - 14 = 4*r. Let n(y) = -3*y**3 - 7*y**2 - 2*y - 2. Let k(m) = 7*m**3 + 15*m**2 + 5*m + 5. Let j(z) = 2*k(z) + 5*n(z). Determine j(r).
0
Let r = -2 - -3. Let t(x) = r - 3*x + 4*x + 0*x. Suppose v + 2*o - 4*o - 7 = 0, 18 = 2*v - 5*o. Calculate t(v).
0
Let c(f) = -4*f**3 - f + 1. Let u(l) = -l**3 + l**2 - l + 1. Let a(h) = c(h) - 5*u(h). What is a(4)?
-4
Let a(t) = 4*t**2 + 9*t - 4. Let u(r) = -r**2 - 2*r + 1. Let y(k) = -2*a(k) - 9*u(k). Calculate y(0).
-1
Let m(d) be the third derivative of -d**5/60 + d**4/6 - d**3/3 + d**2. Give m(3).
1
Let m(j) be the third derivative of -j**5/60 - j**4/8 + j**2. Let s = -9 - -11. Let w be (2/4)/(s/(-20)). Calculate m(w).
-10
Let n(m) be the second derivative of m**5/20 + m**4/6 - m**3/3 - m**2 